 + 296127. Calculate the remainder when c is divided by 63.
61
Suppose 11*u - 7926 = 2899 - 496. What is the remainder when u is divided by 309?
12
Suppose 0 = -6*t + 881 + 1747. Let u = 444 - t. Let q = -21 - -31. Calculate the remainder when q is divided by u.
4
Let m(s) = -3*s + 52. Suppose 27*t - 22*t + 160 = 0. Calculate the remainder when m(t) is divided by 25.
23
Suppose -83*v - 5852 = -216*v. What is the remainder when 164 is divided by v?
32
Let j = 267 + -157. Suppose 97 = 14*r - 99. Calculate the remainder when j is divided by r.
12
Suppose 35*a = 24*a - 209. Let k(b) = -b**3 - 18*b**2 + 22*b + 55. Let c be k(a). What is the remainder when (28/10)/((-5)/50*c) is divided by 5?
4
Let m = -1116 + 1132. What is the remainder when 37 is divided by m?
5
Suppose 4*i - 77 = -2*a + 141, 3 = -3*i. Calculate the remainder when 329 is divided by a.
107
Let u(h) = -h**2 + 31*h + 117. What is the remainder when 12/3 - 3 - -48 is divided by u(-3)?
4
Let z(s) = -189*s - 63. Let n be z(-6). Suppose -7*r + 16*r = n. What is the remainder when r is divided by 10?
9
Suppose 10101 = 31*d + 80*d. Calculate the remainder when d is divided by 79.
12
Suppose 196*k = 204*k - 960. What is the remainder when 792 is divided by k?
72
Suppose 0 = -2*v - 3*v + 5*y + 4865, 0 = -4*y - 16. What is the remainder when 3*(-2)/(-36) + v/18 is divided by 44?
10
Suppose -7*d - 171 = -10*d. Let j = -6 + d. Let r(f) = -f**3 + 10*f**2 + 14*f - 19. Calculate the remainder when j is divided by r(11).
9
Suppose -r = 4*q - 3594, -10543 - 7541 = -5*r - q. What is the remainder when r is divided by 900?
18
Suppose -2 = -3*s + 43. Calculate the remainder when 35/14*(-348)/(-15) is divided by s.
13
Let m = 63 + -73. Let s(f) = f**2 - 6*f - 11. What is the remainder when s(m) is divided by 25?
24
Suppose 3*b = -2*d + 55 + 10, 0 = 5*b - 5*d - 50. What is the remainder when 3892 is divided by b?
16
Suppose 2*r + 4*w + 125 - 201 = 0, -5*r - 3*w = -239. What is the remainder when 95 is divided by r?
43
Let z(v) = -v**2 - 13*v + 33. Let k be z(-15). Suppose 4*c - 6*c + 5*y + 58 = 0, k*y = c - 30. Calculate the remainder when 166 is divided by c.
22
Suppose x + 4*t - 18 = 0, -x + 9*t - 6*t = -53. Suppose 4*m + 12 = o, -4*o + 3*m = -o. Calculate the remainder when x is divided by -1*(-9 - (o - -8)).
12
Let d(p) = -2*p**3 - 17*p**2 + 24*p - 7. Let q be d(-10). Suppose 5*a - q = -18. Calculate the remainder when 146 is divided by a.
6
Suppose 84*w - 145*w + 504 = 107*w. What is the remainder when 308 is divided by w?
2
Let k(d) = 7*d**2 - 9*d - 9. Let u = -5 - -7. What is the remainder when (57/(-6))/((-1)/u) is divided by k(-1)?
5
Let r = -224151 - -224173. Let z be (-4)/(2 + 67/(-34)). Let j = -55 - z. Calculate the remainder when j is divided by r.
15
Let t be 207/(-3)*(-1 - 0). Suppose 7*x - 398 = -t. What is the remainder when 157 is divided by x?
16
Suppose -3*m - 121 = 219*i - 223*i, 0 = i - 5*m - 77. What is the remainder when i is divided by -24*(6/(-8) - 0)?
4
Suppose 20*a = 37 + 283. Suppose -10 = -5*v + 5. Suppose v*f = -3*y + 183, 2*f - f = -1. What is the remainder when y is divided by a?
14
Suppose 27*n - 1947 = 16*n. Suppose 7*j - 4*j - 2*m = 68, -3*m = -j + 32. Calculate the remainder when n is divided by j.
17
Suppose -21*m + 23*m = -u + 107, 2*m = -3*u + 113. Calculate the remainder when 265 is divided by m.
5
Let n be 2 + -8 + 524 - 8. Let v = n + -431. What is the remainder when v is divided by 20?
19
Let r(v) = -5*v - 3. Let d be r(2). Let n(u) = -6*u - 30. Let j be n(d). Let g = -40 + j. What is the remainder when 14 is divided by g?
6
Let h(r) = 6*r**3 + 2*r**2 - r - 1. Let w be h(1). Let i be (-39)/6*-2 - w/3. Suppose 14*z = i*z + 24. What is the remainder when z is divided by 3?
2
Let m(d) = -7*d**3 - 12*d**2 - 148*d - 1245. Calculate the remainder when m(-9) is divided by 83.
68
Let j(g) = 4*g**2 - 21*g + 43. Let q be j(2). Suppose 0 = -q*o + 18*o - 13. Calculate the remainder when 427 is divided by o.
11
What is the remainder when 242 is divided by (-99)/9 - (4 - 252)?
5
Let v(f) be the second derivative of f**5/20 - 13*f**4/12 + 2*f**3 + 15*f**2 - 2*f + 198. What is the remainder when v(12) is divided by 6?
0
Suppose -52 - 14 = -f. Calculate the remainder when f is divided by (-39)/10*1910/(-573).
1
Let u = 373 - 329. Calculate the remainder when (-90)/60 + 523/2 is divided by u.
40
Let x = 76 - 73. Suppose k = 5, -3*f - 2*k = -x*k - 313. What is the remainder when f is divided by 36?
34
Let q(b) = b**3 + b - 3. Let k be q(1). What is the remainder when -2 + k - (48 - -1)*-1 is divided by 3?
1
Let l be (-896)/(-18) - 10/(-45). Suppose 20 = 5*x - l. What is the remainder when ((-45)/(-2) - 2)*6/3 is divided by x?
13
Let a be -6 - 1 - 11400/(-15). Suppose a = 2*v + 607. What is the remainder when v is divided by 21?
10
Suppose 7*t + 1136 = 8*t. Suppose 5*r = 2*q + t + 779, -3*r = -q - 1148. What is the remainder when r is divided by 32?
29
Suppose 14362 = 130*t + 201 - 9629. Suppose 5*m = -2*j + 109, -3*j - m - 2*m + 177 = 0. Calculate the remainder when t is divided by j.
59
Let p = -26241 + 29239. Calculate the remainder when p is divided by 28.
2
Let d = -180 - -45. Let j = -1096 + 1336. Let w = d + j. What is the remainder when w is divided by 27?
24
Let b(r) = -r**2 - 4*r + 10. Let g be b(-5). Suppose 0*m = -g*m. Suppose m = 4*n, 0 = -6*x + x - 4*n + 225. What is the remainder when x is divided by 24?
21
Suppose 10 = 5*c + 2*m - 29, -4*m - 47 = -15*c. Let a = 25 - 10. Calculate the remainder when a is divided by c.
0
Suppose 50 = 2*k - 26. Suppose 864 = 50*w - k*w. Calculate the remainder when 208 is divided by w.
64
Suppose 25719 = 36*l + 3183. Suppose 9*o - l = -122. Calculate the remainder when o is divided by 19.
18
Suppose 5*p + 5*m + 82 - 7 = 0, 8 = 2*m. Let h(i) = 126*i + 990. Let v be h(-8). Let y = v - p. Calculate the remainder when 1 is divided by y.
0
Calculate the remainder when 68 is divided by (34/4)/(-26 + 2205/84).
0
Suppose 0 = 9*n - 6*n + 3, 4*c - 4*n - 12 = 0. Suppose 2*j - 3 = 3*p - 203, -5*p = -c*j - 336. Calculate the remainder when 814 is divided by p.
66
What is the remainder when -71 - -131 - 1*11 is divided by 35?
14
Suppose -222*x + 204*x = -324. Let c(p) = p**3 - 6*p**2 + 6*p - 1. Let b be c(5). Suppose 620 = b*k + k. What is the remainder when k is divided by x?
16
Suppose 2*s = 3*k - 334, -3*k + 5*s + 85 + 264 = 0. Suppose -49*o - k = -53*o. Let h = 164 - -22. Calculate the remainder when h is divided by o.
24
Let z(d) = 5*d + 40. Let h be z(-7). Suppose h*s = 489 - 189. What is the remainder when s is divided by 7?
4
Suppose 5*l - 2*b - 28 = -4*b, -2*l + 3*b = -15. Suppose 4*f + l + 6 = 0. Let m(q) = -52*q - 2. What is the remainder when m(f) is divided by 39?
37
Let o = 263 - 248. Let s(n) = -2*n**2 + 28*n + 37. Calculate the remainder when 30 is divided by s(o).
2
Suppose -2*x + 3*n + 186 = 0, 3*x - 5*n - 164 = 115. Calculate the remainder when 212 is divided by x.
26
Let k = 18 + -13. Suppose -2*j - 117 = -k*j. What is the remainder when j is divided by (5*28/30)/(52/78)?
4
Suppose 3*y = -103 + 154. Let z = -2571 + 2588. Calculate the remainder when y is divided by z.
0
Let s be 1/(-2)*-75 + 5/10. Suppose -y = -s + 21. Suppose 19 = w - y. Calculate the remainder when w is divided by 10.
6
Suppose 0 = 241*n - 97*n - 317808. What is the remainder when n is divided by 130?
127
Let r be (15/(-15) + (-8)/(-6))*-93. Let g = -16 - r. Calculate the remainder when 132 is divided by g.
12
Let s(q) = 6*q**2 - 3*q + 5. Let m be s(2). Suppose -m*t + 286 = 3*t. What is the remainder when 11 is divided by t?
0
Suppose -o - 110 = 4*j + o, -3*o - 53 = 2*j. What is the remainder when 27 is divided by j*((-4)/(-16) - (-2)/(-4))?
6
Let x be (-1)/1*2*(-5 + 3). Calculate the remainder when 134 is divided by 2*((-69)/x)/(18/(-12)).
19
Let v = 37198 + -37109. Calculate the remainder when 1861 is divided by v.
81
Let u(z) = z**3 + 12*z**2 + 19*z - 1. Let v = 172 + -180. What is the remainder when u(v) is divided by 21?
19
Suppose -22*v + 3810 = -20*v - 5*j, -12 = 2*j. What is the remainder when v is divided by 28?
14
Suppose -6*w + 8280 = -463 - 2693. What is the remainder when w is divided by 466?
42
Let i(o) = 2*o**2 - 128*o - 664. Let k(u) = u 